d 6572?
62
Calculate the highest common factor of 3315 and 195.
195
Calculate the greatest common factor of 814 and 222.
74
What is the highest common divisor of 13 and 6539?
13
What is the highest common factor of 186 and 4557?
93
What is the highest common divisor of 9 and 14?
1
Calculate the greatest common factor of 3978 and 357.
51
What is the greatest common factor of 42 and 5222?
14
What is the highest common divisor of 35 and 1015?
35
Calculate the greatest common divisor of 13 and 20189.
13
Calculate the greatest common divisor of 377 and 104.
13
Calculate the highest common divisor of 72 and 18.
18
What is the greatest common factor of 3 and 1314?
3
Calculate the greatest common factor of 25 and 100.
25
Calculate the greatest common factor of 7 and 721.
7
What is the highest common divisor of 119 and 1309?
119
Calculate the greatest common divisor of 1918 and 28.
14
What is the greatest common divisor of 1285 and 5?
5
What is the highest common divisor of 96 and 24?
24
Calculate the greatest common divisor of 9554 and 102.
34
What is the highest common divisor of 8 and 18?
2
What is the highest common divisor of 176 and 198?
22
What is the greatest common divisor of 2263 and 219?
73
What is the highest common factor of 664 and 1577?
83
Calculate the greatest common factor of 16720 and 22.
22
Calculate the greatest common divisor of 411 and 137.
137
What is the highest common factor of 4524 and 312?
156
What is the greatest common factor of 50 and 9925?
25
Calculate the highest common divisor of 99 and 1224.
9
Calculate the greatest common factor of 96 and 1968.
48
Calculate the highest common divisor of 85 and 85.
85
What is the highest common divisor of 1285 and 5?
5
What is the greatest common divisor of 110 and 10?
10
Calculate the highest common divisor of 671 and 2318.
61
Calculate the highest common divisor of 3072 and 60.
12
What is the greatest common divisor of 24 and 34524?
12
Calculate the greatest common factor of 4097 and 306.
17
What is the highest common factor of 8 and 1192?
8
What is the greatest common divisor of 1188 and 264?
132
Calculate the highest common factor of 2730 and 154.
14
Calculate the highest common factor of 154 and 28.
14
Calculate the greatest common factor of 14 and 994.
14
What is the greatest common factor of 407 and 143?
11
Calculate the greatest common divisor of 64425 and 75.
75
What is the greatest common factor of 336 and 210?
42
What is the highest common divisor of 5 and 313?
1
What is the greatest common divisor of 130 and 52?
26
Calculate the highest common factor of 3531 and 297.
33
Calculate the highest common divisor of 13 and 611.
13
Calculate the greatest common divisor of 160 and 10.
10
What is the highest common factor of 2279 and 43?
43
What is the greatest common divisor of 2590 and 70?
70
What is the highest common divisor of 11520 and 45?
45
What is the greatest common factor of 228 and 24?
12
Calculate the greatest common factor of 4109 and 35.
7
What is the greatest common divisor of 255 and 1241?
17
Calculate the greatest common factor of 330 and 1540.
110
Calculate the greatest common divisor of 77 and 33.
11
Calculate the greatest common divisor of 4 and 256.
4
What is the highest common divisor of 15 and 345?
15
Calculate the highest common divisor of 1044 and 468.
36
What is the greatest common factor of 210 and 120?
30
What is the greatest common divisor of 16 and 2048?
16
Calculate the greatest common divisor of 168 and 294.
42
What is the greatest common factor of 471 and 1099?
157
What is the highest common factor of 61 and 12?
1
What is the greatest common factor of 115 and 5?
5
What is the greatest common divisor of 47 and 94?
47
Calculate the greatest common factor of 23074 and 664.
166
Calculate the greatest common factor of 141 and 235.
47
Calculate the highest common factor of 56 and 8764.
28
What is the greatest common factor of 39 and 325?
13
Calculate the greatest common factor of 1343 and 170.
17
Calculate the greatest common divisor of 676 and 104.
52
Calculate the greatest common factor of 39 and 20319.
39
What is the greatest common factor of 726 and 6?
6
What is the greatest common factor of 35 and 4515?
35
Calculate the highest common divisor of 60 and 3690.
30
What is the greatest common factor of 3502 and 34?
34
Calculate the highest common divisor of 231 and 11319.
231
What is the highest common divisor of 104 and 40?
8
Calculate the highest common divisor of 221 and 629.
17
Calculate the greatest common factor of 1629 and 9.
9
Calculate the highest common factor of 850 and 51.
17
What is the highest common divisor of 9 and 153?
9
What is the greatest common divisor of 62 and 496?
62
Calculate the greatest common factor of 575 and 8165.
115
Calculate the highest common divisor of 90 and 10.
10
Calculate the highest common factor of 107 and 3103.
107
What is the highest common divisor of 5 and 95?
5
Calculate the highest common factor of 15 and 1605.
15
Calculate the highest common factor of 170 and 20.
10
What is the greatest common divisor of 535 and 1177?
107
What is the greatest common divisor of 19995 and 310?
155
Calculate the highest common divisor of 12 and 27.
3
Calculate the greatest common divisor of 9 and 3141.
9
Calculate the greatest common factor of 135 and 75.
15
What is the highest common factor of 76 and 266?
38
Calculate the highest common divisor of 400 and 848.
16
What is the greatest common factor of 56 and 343?
7
What is the greatest common divisor of 42 and 4767?
21
What is the greatest common factor of 210 and 7665?
105
What is the greatest common factor of 5168 and 476?
68
What is the highest common factor of 17 and 272?
17
What is the highest common factor of 256 and 12?
4
What is the highest common factor of 524 and 29606?
262
What is the highest common factor of 291 and 3?
3
Calculate the greatest common divisor of 247 and 38.
19
What is the highest common factor of 234 and 1296?
18
What is the greatest common factor of 9309 and 435?
87
What is the greatest common divisor of 4 and 308?
4
What is the highest common divisor of 16 and 136?
8
Calculate the highest common factor of 4564 and 252.
28
What is the highest common divisor of 3 and 34?
1
What is the greatest common factor of 304 and 13528?
152
Calculate the greatest common factor of 325 and 12415.
65
What is the greatest common factor of 171 and 72?
9
What is the greatest common divisor of 336 and 252?
84
What is the greatest common factor of 3781 and 19?
19
Calculate the highest common factor of 6160 and 320.
80
What is the greatest common divisor of 1620 and 80?
20
Calculate the greatest common factor of 246 and 82.
82
What is the highest common divisor of 42 and 3584?
14
Calculate the greatest common factor of 2422 and 28.
14
Calculate the highest common divisor of 50 and 675.
25
What is the greatest common divisor of 6 and 31494?
6
Calculate the greatest common factor of 244 and 2.
2
What is the highest common divisor of 273 and 1014?
39
What is the greatest common divisor of 517 and 77?
11
What is the highest common factor of 111 and 296?
37
What is the greatest common divisor of 672 and 21?
21
What is the greatest common factor of 2673 and 11?
11
What is the highest common factor of 1428 and 567?
21
What is the highest common factor of 42 and 12?
6
Calculate the greatest common divisor of 20 and 92.
4
What is the greatest common divisor of 1700 and 748?
68
What is the greatest common factor of 96 and 5304?
24
What is the highest common divisor of 99 and 484?
11
What is the greatest common factor of 140 and 658?
14
Calculate the greatest common divisor of 1071 and 21.
21
What is the greatest common factor of 2030 and 2?
2
What is the highest common divisor of 32 and 752?
16
What is the greatest common factor of 1737 and 1351?
193
Calculate the highest common factor of 602 and 98.
14
Calculate the highest common factor of 114 and 285.
57
What is the highest common factor of 70 and 1015?
35
Calculate the highest common factor of 6400 and 100.
100
What is the highest common divisor of 2904 and 1320?
264
Calculate the greatest common factor of 21 and 1316.
7
Calculate the greatest common factor of 198 and 110.
22
What is the greatest common factor of 200 and 